e the prime factors of d?
2, 29
Suppose -22*x = -236931 - 262271. What are the prime factors of x?
22691
Let h(z) be the first derivative of z**4/4 + 2*z**3 + 7*z**2/2 + 12*z - 13. Let a be h(-5). What are the prime factors of (2/(32/(-196)))/(a/(-24))?
3, 7
Let v = 61 + -65. Let j(o) = -9*o**3 + 5*o**2 + 3*o + 5. What are the prime factors of j(v)?
11, 59
Suppose -8*j - 1055 - 5289 = 0. Let d = -489 - j. List the prime factors of d.
2, 19
Suppose -5*h + 19 = -91*d + 87*d, 5*h + 5*d = 10. Let a be (1*-2 + 1)*-203. Suppose -h*v + a = -337. List the prime factors of v.
2, 3, 5
Let j(m) = 735*m - 92. Let f be j(-4). Let k = -2055 - f. What are the prime factors of k?
977
Let k be (-27)/15 - (-13)/(-65). Let o(p) = -31*p**3 + p**2 - 3*p - 4. What are the prime factors of o(k)?
2, 127
Let o = -54683 - -86639. List the prime factors of o.
2, 3, 2663
Suppose -3*l = -26 - 85. Let t be 0 - (-18)/(9/3). Suppose t*f - l = 53. List the prime factors of f.
3, 5
Let t(i) = 15*i + 11. Let h(l) = -46*l - 34. Let y(s) = 5*h(s) + 16*t(s). Let n be y(-16). Let c = n + 222. List the prime factors of c.
2, 17
Let m(y) be the second derivative of -9*y**5/20 - 5*y**4/6 - 7*y**3/6 - 4*y**2 - 2*y + 2. List the prime factors of m(-4).
2, 109
Suppose -5*k = 2*m + 22, m - 2*k - 1 = -3. Let p = 26 + m. List the prime factors of 208/3 - p/(-30).
2, 5, 7
Let t = 942 + -549. Let w = t + -175. List the prime factors of w.
2, 109
Let q be (-400)/(-15) + (-8)/12. Let b = 27 - q. Let t = 20 + b. List the prime factors of t.
3, 7
Suppose -2*c + 4*m = 3*c - 21150, 8408 = 2*c - 12*m. List the prime factors of c.
2, 29, 73
Suppose -5*t = 2*z - 170, -129 = -t - 3*t - 3*z. Let v = t - -178. What are the prime factors of v?
2, 107
Let r(v) = v**2 - v - 13. Let l be r(-4). What are the prime factors of 205 - ((-45)/5 + l)?
3, 23
Let j(g) = 111*g**2 + 439*g - 55. List the prime factors of j(-11).
3, 7, 11, 37
List the prime factors of 253083/15 + 312/390.
47, 359
Suppose 8*h - 36610 + 1060 - 49818 = 0. List the prime factors of h.
3, 3557
Let c be 20/(-25)*-10 - -68. Suppose 0 = -5*f + 704 + c. What are the prime factors of f?
2, 3, 13
Let n be (-4)/1 + -1 - -3. What are the prime factors of (-15)/(-6) - 3 - 1189/n?
2, 3, 11
Suppose 2 - 8 = -2*h. Suppose 13 = -2*g + h. What are the prime factors of (g - (0 + -3)) + (-2 - -69)?
5, 13
Let o(r) = 8669*r**2 + 859*r - 859. What are the prime factors of o(1)?
8669
Suppose -5*d + 94515 = -5*q - 31680, -9*d + 227235 = 5*q. List the prime factors of d.
3, 5, 11, 17
Let v = -21714 - -34450. List the prime factors of v.
2, 199
Suppose -65*j = -60*j + 45. Let z(a) = -a**2 - 14*a - 21. Let n be z(j). List the prime factors of (-16)/n*(-534)/4.
89
Let t(f) = 31*f + 2*f**2 + 25*f - 2 - 48*f. Suppose 7 + 3 = 2*p. What are the prime factors of t(p)?
2, 11
Suppose 0 = -3*t - 2*w + 1015, 2*t + 3*w - 702 = 8*w. Let a(r) = -r**3 + 5*r**2 + 14*r - 6. Let d be a(9). Let o = d + t. What are the prime factors of o?
137
Let m(t) = t**3 + 79*t**2 - 264*t - 47. List the prime factors of m(-82).
1429
Suppose 2*v + 6*b + 35460 = 6*v, 4*v + 2*b - 35412 = 0. List the prime factors of v.
2, 3, 41
Let u(i) = 3*i - 70. Let y be u(24). Suppose -y*z + 2*b - 6*b + 2162 = 0, -4*z + 4359 = b. List the prime factors of z.
1091
Suppose -2*b - 4*m + 27236 = 0, 4*m = -2*b + 3*m + 27215. List the prime factors of b.
2, 19, 179
List the prime factors of (-40992)/(-2) + (-35 - 297/(-11)).
2, 13, 197
Let s(y) = 23*y**2 + 12*y + 19. Let l be s(-2). What are the prime factors of (l + -14)/(1/((-2)/(-2)))?
73
Let z(c) = 100 - 19*c - 284 - c**3 + 111 + 116 + 21*c**2 - c**2. List the prime factors of z(18).
349
Let o be -5*(-3 - 135) - (5 - 7). What are the prime factors of (o/10)/(10 + (-441)/45)?
2, 173
Let u = -136 + 140. Suppose -2*g + 1067 = -4*a - 119, -3*g + 1787 = -u*a. What are the prime factors of g?
601
Let l = -179 + 193. Suppose 15*b - 66 = l*b. What are the prime factors of b?
2, 3, 11
Let v(i) = i**3 + 4*i**2 - 7*i. Let r be v(-5). Let x(n) = 29*n**2 + 87 - 28*n**2 - 4*n - 73. What are the prime factors of x(r)?
2, 37
Suppose 5*u = -2*m + 86880, 4*u - 22472 = -3*m + 47039. What are the prime factors of u?
2, 7, 17, 73
Let i = -3838 - -63422. List the prime factors of i.
2, 7, 19
Let u(o) = 2*o - 42. Let w be u(0). Let r = 41 + w. List the prime factors of 8/(-40) + r/(-5) + 2.
2
Let o(x) = -x**3 + 16*x**2 + 10*x + 37. Let c be o(17). Let z = c - -132. What are the prime factors of (-5334)/(-26) - z/325?
5, 41
What are the prime factors of ((-5)/15)/((-63)/15486660)?
2, 5, 17, 241
Suppose 2*v = 2*y + 38898, 2*v - 5*y - 25037 - 13876 = 0. List the prime factors of v.
2, 4861
Let q = 14914 - -19127. What are the prime factors of q?
3, 7, 1621
Suppose 3*s + 4*j + 14 = 0, -2*s = -7*s - j + 5. Suppose 12*b - 1008 = -s*b. List the prime factors of b.
2, 3
Let c(h) = -h**3 + 14*h**2 - 9*h - 17. Let x be c(13). Suppose 5*i = x - 10. Suppose -i*k + 448 = 4*g, 0*g + 258 = 3*k - 3*g. List the prime factors of k.
2, 11
Suppose 9 - 9 = -2*y. Suppose 2*j = -y*j - 3*m + 662, -j + 5*m = -318. Let n = j + -209. What are the prime factors of n?
7, 17
Let c(s) = 9*s**3 + 969*s - 968*s - 4*s**3. Let m be c(-1). What are the prime factors of -98*(m/3)/2?
2, 7
What are the prime factors of (3 - -1 - 1846)*-1?
2, 3, 307
Suppose -11106 - 161822 = -64*x. List the prime factors of x.
2, 7, 193
Let z be (6 + (-84)/9)*-171. Let q = z + -385. List the prime factors of q.
5, 37
Let u(v) = -2 + 2*v - 8*v**2 + 10*v**2 + 0*v. Let k be u(1). Suppose 4*i - 242 = k*i. List the prime factors of i.
11
Let s(h) = -3*h - 22. Suppose 0 = -k + 9 - 14. Let m be s(k). Let j(a) = -a**3 - 9*a**2 - 30*a + 10. List the prime factors of j(m).
2, 61
Let a(p) = -8 - 6 - 4*p - p. Let z = -3135 - -3126. List the prime factors of a(z).
31
List the prime factors of ((-240)/16 - -18) + 1/(1/30960).
3, 10321
Suppose d - 117 = -2*j, -5*d - 40 - 275 = -5*j. Let q = -58 + j. What are the prime factors of 37 + (q - (5 - (-3 + 4)))?
5, 7
Suppose 16*p + 145446 = -0*p + 22*p. What are the prime factors of p?
7, 3463
Let o(r) = 122*r**2 - 20*r - 21. Let n be o(-1). Suppose 4*t = -5*l + 943 + n, -4*t + 2*l + 1064 = 0. What are the prime factors of t?
2, 7, 19
Suppose 7*w + 1967 + 5236 = 0. Let p = -416 - w. List the prime factors of p.
613
Suppose -90*y + 2614778 = -322102. What are the prime factors of y?
2, 4079
Let i(f) = 3*f**3 + 7*f**2 + 3*f - 21. Let j(w) = -2*w**3 - 3*w**2 - 3*w + 10. Let b(n) = -4*i(n) - 7*j(n). List the prime factors of b(6).
2, 31
What are the prime factors of 3*12/(-21)*(-2967 - 1)?
2, 3, 53
Let c be 4532/99 - 2/(-9). Let x = c - 34. What are the prime factors of (-4)/(-10)*(-165)/x*-32?
2, 11
Let k = -416 - -484. What are the prime factors of 1119 + (10/3)/(k/(-102))?
2, 557
Let j = 31 + 79. Suppose 3*c = -j + 35. Let o = c + 53. List the prime factors of o.
2, 7
Suppose 26*b + 9*b - 448514 = 6*b. What are the prime factors of b?
2, 11, 19, 37
Suppose -38*z + 183647 = -229299. What are the prime factors of z?
10867
Let g(n) = 344*n**2 - 43*n + 85. What are the prime factors of g(2)?
5, 11
Let s(u) = 0 - 17*u**2 + 2 + u**3 - 2 + 13. Let n be s(17). Suppose -n*y + 539 = -6*y. List the prime factors of y.
7, 11
Let p(y) = 197*y**3 - 15*y**2 + 4*y - 46. What are the prime factors of p(5)?
2, 757
Suppose 0 = -k + 6*q - 3*q - 12, -2*q + 16 = 2*k. Let u be (-6)/(-8)*(-16)/(-6). Suppose 5*m - y - 195 - 184 = 0, u*m - 162 = k*y. List the prime factors of m.
3, 5
Let v = 32714 + -18378. What are the prime factors of v?
2, 7
Suppose -4*z - 16 = -w + 9, 3*w = -3*z. Let d(c) = 16*c**2 - 5*c - 6. Let u be d(z). Suppose -6*b = -301 - u. List the prime factors of b.
2, 3, 5
Let g = -566 - -807. Let s = g + -131. List the prime factors of s.
2, 5, 11
Let p(v) = 3 + 14 + v - 3 + 3*v. Let b be p(-4). List the prime factors of (0 + b - 51)*(-3 + 2).
53
Let n(a) = a**3 + 16*a**2 + 18*a - 1. Suppose 5*h - 168 = -238. List the prime factors of n(h).
139
Suppose -t = 4*t - 10. Let n = -2990 + 4220. Suppose -m = 4*m - t*y - n, -5*y + 1230 = 5*m. What are the prime factors of m?
2, 3, 41
Let w be (3 + -4 + 2)/(-1). Let b be 1*w + 19 + -22. What are the prime factors of b + 56 + (-4 - 0)?
2, 3
Let n = 272 + -270. Suppose l - 2*o = 45